4) + 10
31
Evaluate (2 - 6 - -10) + -12 + 2.
-4
Evaluate -116 - -2 - (-38 - (0 + -24)).
-100
1 - -77 - (3 + (60 - 49) + -12 + -8)
84
Calculate -158 - -128 - (44 + -10).
-64
Calculate -33 + (-26 - -5) - 13 - 10.
-77
-105 - ((116 - 8) + -90)
-123
Evaluate -27 - (-4 - ((-1 - -1) + 5) - (1 + -20)).
-37
Calculate ((-6 - 6) + (72 - 63) - (5 - -2)) + 86.
76
What is -16 - (-42 + (-23 - -19)) - -20?
50
Evaluate -5 - (0 - 2 - (-16 - (-22 + 43))).
-40
Calculate ((-6 - 1) + 4 - -16) + 9.
22
Evaluate 11 + -12 + -2 + -56 - (390 - 376).
-73
5 + (72 + -39 - 59)
-21
Evaluate (11 + 8 - (1 + 34 + -5)) + -8.
-19
What is 863 + -862 + -1 + 70 + -4 + 5?
71
What is 70 + -60 + -49 - -7?
-32
What is the value of (-1 - -1 - (-24 + -6)) + (-100 - -87)?
17
What is 29 + -35 + (3 - -4 - (-14 - -8)) + 12?
19
Evaluate (-27 - (23 - 32)) + (-4 - -13) + 1.
-8
Evaluate (-3 - -10) + 18 + (-64 - -45).
6
What is (-101 - (-35 - 19) - -65) + -1 + -114?
-97
What is the value of 15 - (-25 + 3 + 60)?
-23
Evaluate (-18 - (-3 + 2)) + -1 + 1 - (-11482 - -11488).
-23
Calculate 0 + -81 + (-213 - -67 - -110).
-117
What is the value of 16 + (-19 - 52) - -7?
-48
What is -42 - (29 + -61) - (4 + -8 - 60)?
54
What is the value of -18 + 14 + (1 - -23) + -24?
-4
What is the value of 30 + -7 + 111 + -36?
98
What is the value of -1 + (3 - (-32 + (-5 - ((6 - -5) + -7))))?
43
-1343 + 1359 - (1 + 31)
-16
Evaluate (21 - (-2 + (48 - 23))) + (-90 - (-1 + -2)).
-89
Calculate -4 - (20 + -15 + -13 + (-11 - -7)).
8
Calculate -165 + 210 - (70 - -3).
-28
Evaluate 61 + 0 - (18 + -11 + -20 + (9 - 3)).
68
Evaluate 87 + -86 + 4 + 45.
50
What is -9 - -25 - (42 + -2) - -52?
28
What is -9 - -11 - 2 - (2 - (-16 - (-15 - -9)))?
-12
What is the value of 79 + -43 - (4 + -1 + (31 - 26))?
28
What is -3 - (-19 - ((-48 - -23) + -63))?
-72
(-7 - (2 - 21 - -10)) + (-1 - (57 + 1))
-57
What is the value of -2 + -69 + 0 + (17995 - 17985)?
-61
Evaluate 45 + (3 + -51 - -32).
29
What is 0 + -98 - (-3 + 25 + -25 + 0 + 3)?
-98
Calculate 33 + -32 - -19 - 35 - 14.
-29
What is (8 - 39) + 38 + -19 - 29?
-41
What is the value of -83 - (-15 - (-50 - -52))?
-66
Evaluate 5 + (-21 + 1 - ((19 - 42) + 30)).
-22
What is 1 + -4 - ((-23 - 252) + 204)?
68
Evaluate 0 + 12 + 43 + (1 - (-2 - 0)) - 4.
54
What is -41 + (52 - (22 + 9) - -96)?
76
What is 5 + 9 + 0 + -16 - (-6 + -9 + 9)?
4
(-5967 - -5869) + (187 - -1)
90
Evaluate -30 - ((-1 - 14) + 16 - 16) - -5.
-10
Evaluate -9 + -11 + 83 + 69.
132
Calculate -16 + 112 + -87 - (77 + 0 + 1).
-69
What is -18 + 1 + 7 + (-5 + (-7 - -1) - 39)?
-60
Evaluate 30 - (56 + (21 - 38)) - -50.
41
Evaluate 11 - (3 - ((-2 - 11) + 15 + 11)).
21
Evaluate 429 + -453 - (-65 - 0).
41
What is -2 + 25 + -618 + 517 + 3?
-75
Evaluate (14 + 16 - 13) + -25 + 32.
24
What is 12 + -6 + (22 - 27) - (2 + -1) - 61?
-61
Evaluate (-22 - -10) + 14 - (-12 - 2).
16
Calculate 8 - (13 + 15 + -19 + 3) - (4 + -143).
135
Calculate -117 + (146 - (46 - 122)).
105
Calculate -3 + 11 - (-87 - -69) - 60.
-34
Evaluate 13 + (-8 - 2) + -5 + 3 + 0.
1
Evaluate 13 + (80 - (-14 + 143) - (-11 - (3 + -3))).
-25
What is -2 + 13 + (-9 - (-18 + 12 + -2))?
10
What is (-11 - (14 - 17)) + -24 + 1 + 1?
-30
What is the value of 8 + (-7 - (-3 + (6 - 19)))?
17
What is 31 + 69 + -56 + -32?
12
Evaluate -7 + 3 - (111 + -88 - 25).
-2
What is 38 + (-27 - (35 - 71))?
47
What is -1 - (-8 - 0) - (-21 + (-2 - -18) - -14)?
-2
Calculate 85 + -54 + 3 + -17.
17
33 - (7 + (33 - 10))
3
What is the value of 19 + 35 + -113 - -41?
-18
What is 4 + (-9 - -2) + (-10 - (0 - 34))?
21
Evaluate -7 + -1 + (-8 - -19) - (-103 + 211).
-105
What is (-23 - 3) + (-4 - (18 - (13 - -23))) - -90?
78
Calculate -87 - -16 - (138 + -170).
-39
Evaluate 24 + (17 - 35) + 16.
22
What is 1 + (-4 - 2 - 5) - (5 + -87 + -20)?
92
Evaluate 43 + 0 - (56 + -64 - (-43 - -24)).
32
-4 + -7 + (19 - 12) - ((-5 - 1) + -34)
36
Evaluate 8 + (46 - (175 + -72)).
-49
-4 + -8 + 2 + 3 + -6 + (-7 - -56)
36
-1 + -14 + -13 + 7 + 3 + 23 + -9
-4
Evaluate (-151 - -7) + -2 - (93 - 112) - (0 - -10).
-137
What is the value of -9 + (4 + 10 - -77 - (-31 + 34))?
79
Calculate 115 + -131 - -10 - (-73 - ((2 - -1) + -2)).
68
What is the value of -135 + 44 + 147 - (0 + -3)?
59
Evaluate (1 + (-1 - -3) - (126 + -136)) + 48 + 0.
61
Calculate 90 + -13 + 30 + -39 + 33.
101
What is the value of (14 - -15) + 22 - (10 + (-2 - 4))?
47
What is the value of -2 - 10 - (3 + -26) - (-17 - 9)?
37
-56 - 11 - -192 - (3 + -2)
124
What is (-17 + -1 - -71) + (-6 - (-2 + 1 + -1))?
49
Calculate (13 - 16 - -9) + 5 + (4 + -12 - 95).
-92
8302 + -8284 + (2 + -3 - -57)
74
(-41 + 17 + 25 - -46) + 0 + 2
49
42 + -5 + (-40 - (7 - 25))
15
Evaluate 57 - ((0 - (-21 + -4)) + -6).
38
Calculate 6 + (16 - (-33 - -58)).
-3
4 + 7 + (6 - 12) + -380 + 377
2
Calculate -34 - (42 - 115) - (-1 - 0).
40
Calculate (-2 + -2 - 1) + (-69 - (47 + -176)).
55
Evaluate 6 + (2 - 17) - (-10 - (21 - 9)).
13
Evaluate -3 + -6 + 9 + 1 + -8 + 14 - -12.
19
-24 + (-32 - -133) - (-9 + 17 + -11)
80
What is -66 - (-31 - ((8 - 7) + -28))?
-62
What is 206 + (79 - (282 - 105))?
108
Calculate 86 - (-37 + 105 - 8).
26
Calculate -38 - (-33 + 42) - (4 + -16 + 4).
-39
Calculate 33 + -99 - (15 + 5 - 51).
-35
What is (-18 - -30) + 44 + -25?
31
What is 13 + -18 + 5 - -10 - -2 - -51?
63
Calculate -21 + 42 + 0 + 146 + -92.
75
What is -30 + 7 + 14 - -3 - (-2 - 13)?
9
Evaluate -4 + 10 + 31 + (-3 - -6) + -6.
34
5 - (-7 - (-5 - 17)) - -57
47
-31 - (-44 + 72 + -49 + 27)
-37
What is 27 + (53 - 51) + (21 - 42)?
8
What is -6 + -37 + 39 + (2 - 23) + 11?
-14
What is 11 + (17 - 5 - 22 - (114 - -4 - 13))?
-104
What is 9 + -3 + 0 - (-2 - 64 - (-37 + 32))?
67
-42 + -1 + 154 + (-34 - 131)
-54
(2 - 97) + 1077 + -984
-2
What is the value of -29 - (29 + (-38 - -15) + -8)?
-27
Calculate (17 - (-3 - -5)) + (46 - (122 + -88)).
27
What is the value of 153 + -81 + 8 + -35?
45
10 + (-48 - (9 - 65))
18
Calculate -22 - (2 - (-77 + 77 - (4 - -2))).
-30
What is the value of (13 - -6 - 55) + 44 - 12?
-4
Calculate -1 + 6 - (13 - (-120 - -3) - (86 + -65)).
-104
Evaluate -51 + 109 + -20 + -54.
-16
What is (40 - -1) + (9 + 18 - 22) + -4?
42
Calculate -6 + 12 - (-56 - -85).
-23
What is 15 + (21 + 3 - ((-16 - -28) + -18))?
45
Evaluate -90 - ((-4 - 8) + (59 - 40 - (-11 - -7))).
-101
What is 52 - (-196 + 205 - (-7 + 3))?
39
Evaluate 2 + (-50 - -36) - (0 - (49 - 0)).
37
What is -66 + -2 - (-593 + 512)?
13
What is the value of -136 - (-80 - (-7 + 114))?
51
What is the value of 121 - (66 + -17 + 113)?
-41
What is the value of (50 - 20) + -73 - -34 - (-38 + 1)?
28
Calculate 4 - (-9 - (10 - -12 - 67)).
-32
-58 - (-38 + -31) - -38
49
(0 - 37 - -15) + -3
-25
What is (-309 - (-103 + -145)) + (-2 - (0 - -1))?
-64
What is (0 - 9) + (45 - 50) - -36?
22
What is 20 - (46 - 1 - (135 + -118))?
-8
What is the value of (-1 - 111) + 169 + -34 + -104?
-81
What is the value of 0 - (0 + 2 - -36 - (-132 + 57 + 65))?
-48
What is the value of 2031 + -2024 - (1 + 34)?
-28
What is 2 - (-10 - -31) - -20?
1
Evaluate (21 + 27 - (-18 - -18)) + (-5 - 0).
43
Evaluate 4 + (-17 - (9 + -12)) - -5 - -73.
68
What is 78 - (13 - ((-23 - -15 - -7) + 1))?
65
What is the value of 36 + (-30 - -17) - (-2 - (9 - (-3 - -8)))?
29
Evaluate 2 + -6 - (-22 + 7 + 0) - -31.
42
-74 + (37 - -7) + -7
-37
Evaluate (-31 + 2 - (265 + -200)) + -30.
-124
What is (-3 - 13) + 29 + (8 - (-9 - -6))?
24
What is 16 + (-45 - -70) + 27?
68
What is the value of 66 + (62 - 118) + -18 + 0 + 5?
-3
-14 - (-45 + 19 + 4) - -20
28
Evaluate (-21 - (-75 - -59)) + 16.
11
(-3 - 3 - -4) + (16 - (88 - 36))
-38
What is the value of -82 + (138 + -14 - 78)?
-36
Calculate 17 - (43 - (47 - 43)).
-22
Evaluate (-3 - -12 - 27) + 5 + (75 - 97).
-35
Evaluate -32 + (-6 - -8) - (-31 - -36).
-35
(-3 - -11 - (473 - 454) - (-4 + 0)) + -53
-60
Calculate -6 + -10 + 2 - (-3 + 26 + -20).
-17
Evaluate 52 + -72 - -11 - (-9 - (-2 + -1 + 0)).
-3
What is the value of 12 + 1 + 1 + -131 + 145 + 15 + 79?
122
10 + 10 + -9 - (10 - -36 - -10)
-45
What is -20 - (41 + 27 + -11 + -26)?
-51
Evaluate (39 + -103 - -66) + (-22 - 1).
-21
-9 - (62 + -47 + (-5 - (5 - -33)))
19
What is 142 + 60 + (40 - 130)?
112
What is (8 - -122 - 31) + -39?
60
Evaluate -25 + 10 - (11 + 5 + 2 - 3).
-30
-149 - (-43 + -70) - (0 + -27)
-9
73 + -66 + 51 + -98
-40
Calculate (136 - 156) + 0 + 11 + (5 - 2) + 62